?
True
Is 23179032823 a composite number?
True
Is 451256851 a composite number?
False
Is 1041081757 a composite number?
False
Is 55089000721 a prime number?
True
Is 399953369 a prime number?
True
Is 33821989009 composite?
True
Is 4174074881 prime?
True
Is 375297488785 a prime number?
False
Is 4604002801 a composite number?
True
Is 3511162007 a prime number?
True
Is 29201298487 prime?
False
Is 1547082293 a composite number?
True
Is 203849747 composite?
False
Is 5388571219 prime?
False
Is 1490246143 prime?
True
Is 13921362722 prime?
False
Is 26867662793 prime?
True
Is 32736822149 prime?
False
Is 152770757 a composite number?
True
Is 111423343 a composite number?
False
Is 2551598573 a prime number?
False
Is 8304744502 a composite number?
True
Is 84429414179 a composite number?
True
Is 22699896521 a composite number?
False
Is 46289941 prime?
False
Is 3151207681 composite?
False
Is 5487848651 composite?
True
Is 179034031 prime?
False
Is 16236162823 prime?
True
Is 4214984953 a composite number?
False
Is 202631489215 composite?
True
Is 603171857 a prime number?
True
Is 3480302717 prime?
False
Is 27907377997 a prime number?
True
Is 6373929839 prime?
True
Is 2448609913 prime?
False
Is 7379221 composite?
True
Is 2370105313 prime?
False
Is 611883449 a composite number?
False
Is 4261699591 composite?
False
Is 1164408617 composite?
False
Is 29217547903 a composite number?
False
Is 1343705771 composite?
False
Is 2629516433 a composite number?
False
Is 2773203143 prime?
False
Is 18552350611 a prime number?
False
Is 10725605941 prime?
True
Is 15798632657 a prime number?
False
Is 23125752821 composite?
False
Is 31676444287 a composite number?
False
Is 19261123733 composite?
True
Is 31202337811 a prime number?
False
Is 5293958773 a composite number?
False
Is 25451657839 composite?
True
Is 1149111713 a prime number?
False
Is 4925359033 a prime number?
False
Is 108793051 composite?
False
Is 51467721331 a composite number?
True
Is 1591022123 a prime number?
False
Is 1727917693 a prime number?
False
Is 2653161911 a prime number?
False
Is 171816767 a prime number?
True
Is 15343207039 composite?
False
Is 1444049441 composite?
False
Is 5367185429 composite?
False
Is 117844541 prime?
False
Is 5306833019 prime?
False
Is 20036438309 prime?
True
Is 9508166323 prime?
True
Is 6048715747 prime?
True
Is 40635667939 a prime number?
True
Is 27999657887 a prime number?
True
Is 586220597 a composite number?
False
Is 22372689223 a composite number?
False
Is 3254889329 prime?
True
Is 13346450809 prime?
False
Is 6953895821 a prime number?
False
Is 2397919163 composite?
True
Is 59448161 prime?
True
Is 3726910841 prime?
True
Is 6079966591 a composite number?
False
Is 8248959883 a composite number?
True
Is 16847395751 a composite number?
False
Is 104235478471 prime?
False
Is 1940709179 a prime number?
True
Is 12803751733 a composite number?
False
Is 106231214 prime?
False
Is 45132723353 prime?
True
Is 116165113 a composite number?
True
Is 835340699 composite?
True
Is 3642140147 composite?
True
Is 25935500573 composite?
False
Is 412854769 composite?
True
Is 31112025034 a composite number?
True
Is 117145089721 a prime number?
False
Is 14780716033 a composite number?
False
Is 1476863411 prime?
True
Is 105624423997 a prime number?
True
Is 1585071343 composite?
False
Is 86462669 prime?
True
Is 514564069 a composite number?
True
Is 1082887493 composite?
True
Is 725100012697 a composite number?
True
Is 728418853 a composite number?
False
Is 135397489 a composite number?
False
Is 373608953 composite?
True
Is 12385949 a prime number?
False
Is 347557897 prime?
True
Is 266252348327 a composite number?
True
Is 63897496001 prime?
True
Is 631007977 prime?
False
Is 37948475263 composite?
True
Is 666358383 prime?
False
Is 46062613997 composite?
True
Is 37638509291 prime?
False
Is 10024961969 composite?
True
Is 28119946649 prime?
True
Is 822575191 prime?
True
Is 422934559 a prime number?
False
Is 3871887065 a composite number?
True
Is 1097206831 prime?
False
Is 760411733 prime?
True
Is 131457563 a composite number?
False
Is 125665361474 a prime number?
False
Is 1288473541 composite?
False
Is 333499745053 prime?
True
Is 67758476311 a prime number?
False
Is 3766948597 a composite number?
False
Is 1656822017 composite?
False
Is 134166649 prime?
False
Is 11399878289 prime?
False
Is 11038960571 prime?
False
Is 988236247 prime?
True
Is 458443091 composite?
False
Is 2213444293 composite?
True
Is 9209068009 prime?
False
Is 20617332907 prime?
True
Is 450023989 composite?
False
Is 48194397709 composite?
False
Is 63113433829 a composite number?
True
Is 4815857911 prime?
True
Is 16716267595 prime?
False
Is 64853387539 a prime number?
False
Is 75947053639 prime?
True
Is 1198022279 prime?
False
Is 186618263 a composite number?
True
Is 3772643627 composite?
False
Is 4085362673 a composite number?
True
Is 646241627 composite?
True
Is 1100587469 prime?
True
Is 616210559 a prime number?
True
Is 1627828529 a composite number?
False
Is 195984111 composite?
True
Is 4941783953 a prime number?
False
Is 729558737 a composite number?
False
Is 1152883769 prime?
False
Is 3985244303 composite?
True
Is 4135800133 a prime number?
True
Is 2503719887 a prime number?
True
Is 1889472401 composite?
True
Is 1150264711 prime?
False
Is 27510811301 a composite number?
True
Is 1220894539 prime?
True
Is 879186439 composite?
False
Is 120960796607 composite?
True
Is 210757727 a prime number?
True
Is 2738009981 a prime number?
False
Is 18157656579 prime?
False
Is 75454559881 composite?
False
Is 13274155871 a prime number?
False
Is 19267225153 prime?
False
Is 2221692749 a prime number?
True
Is 5329950979 prime?
True
Is 373866731 composite?
True
Is 62909977367 prime?
True
Is 114257189 composite?
True
Is 1590270951 a composite number?
True
Is 2285501 composite?
True
Is 1008457377 composite?
True
Is 5081340877 a prime number?
False
Is 2754456659 prime?
False
Is 47365163 a composite number?
True
Is 123715057 composite?
False
Is 20038341569 composite?
False
Is 1187127115 prime?
False
Is 4925557731 prime?
False
Is 466155323 a prime number?
True
Is 12938971103 a composite number?
True
Is 2873582545 a prime number?
False
Is 5486823239 a prime number?
True
Is 21427104619 composite?
False
Is 266684903 composite?
False
Is 657457433 composite?
False
Is 16090301749 prime?
True
Is 28872674851 a prime number?
True
Is 4022284649 prime?
True
Is 5438469173 composite?
False
Is 73012005431 a prime number?
False
Is 5602817431 prime?
True
Is 16911741449 prime?
False
Is 12633146791 a composite number?
True
Is 19835182063 prime?
True
Is 53327632531 composite?
False
Is 532481381 a composite number?
False
Is 777387409 prime?
False
Is 1379464091 composite?
False
Is 66998697799 prime?
False
Is 286433183527 a composite number?
False
Is 10031195123 a prime number?
False
Is 3373219897 a prime number?
True
Is 582788021809 prime?
False
Is 299633014 a composite number?
True
Is 21592783781 a composite number?
False
Is 25231006079 prime?
True
Is 11485875697 a prime number?
False
Is 116717632499 a composite number?
True
Is 5086911083 a prime number?
False
Is 440239857 composite?
True
Is 668654057 composite?
True
Is 373210693 a composite number?
False
Is 161720949211 a composite number?
False
Is 1252549117 a composite number?
False
Is 459887983 a composite number?
False
Is 6781679263 composite?
False
Is 1315748393 prime?
False
Is 1172302013 a composite number?
True
Is 27671726729 composite?
False
Is 2826045757 a prime number?
True
Is 1430275474 a composite number?
True
Is 1105115359 a prime number?
True
Is 243723009 composite?
True
Is 790703123 composite?
True
Is 42481381 a prime number?
False
Is 3189278291 prime?
True
Is 2433992971 prime?
True
Is 614642237 composite?
True
Is 282466933837 prime?
False
Is 981163903 a prime number?
False
Is 15331279 composite?
False
Is 1872201317 prime?
False
Is 624569591 a prime number?
False
Is 609227699 a composite number?
True
Is 626543453 prime?
True
Is 48930635047 composite?
True
Is 16104945167 prime?
False
Is 2235017051 a composite number?
True
Is 8227691413 prime?
False
Is 1527946058 a composite number?
True
Is 13134080002 a prime number?
False
Is 14323390883 prime?
False
Is 29961646241 a composite number?
False
Is 17527190831 a composite 